{"id":850,"date":"2025-11-07T15:27:08","date_gmt":"2025-11-07T15:27:08","guid":{"rendered":"https:\/\/cursosline.bchildrenslifet.com\/blog\/home\/"},"modified":"2026-04-13T04:58:07","modified_gmt":"2026-04-13T04:58:07","slug":"home","status":"publish","type":"page","link":"https:\/\/cursosline.bchildrenslifet.com\/blog\/","title":{"rendered":"BCLT"},"content":{"rendered":"\t\t<div data-elementor-type=\"wp-page\" data-elementor-id=\"850\" class=\"elementor elementor-850\">\n\t\t\t\t<div class=\"elementor-element elementor-element-8005f6b e-flex e-con-boxed e-con e-parent\" data-id=\"8005f6b\" data-element_type=\"container\" data-e-type=\"container\" data-settings=\"{&quot;background_background&quot;:&quot;classic&quot;}\">\n\t\t\t\t\t<div class=\"e-con-inner\">\n\t\t<div class=\"elementor-element elementor-element-a7138c8 e-con-full e-flex e-con e-child\" data-id=\"a7138c8\" data-element_type=\"container\" data-e-type=\"container\">\n\t\t\t\t<div class=\"elementor-element elementor-element-ffc9c0d elementor-widget elementor-widget-heading\" data-id=\"ffc9c0d\" data-element_type=\"widget\" data-e-type=\"widget\" data-widget_type=\"heading.default\">\n\t\t\t\t\t<h1 class=\"elementor-heading-title elementor-size-default\">\u201cTransformamos vidas y negocios a trav\u00e9s del coaching y la capacitaci\u00f3n\u201d<\/h1>\t\t\t\t<\/div>\n\t\t<div class=\"elementor-element elementor-element-18a581f e-flex e-con-boxed e-con e-child\" data-id=\"18a581f\" data-element_type=\"container\" data-e-type=\"container\">\n\t\t\t\t\t<div class=\"e-con-inner\">\n\t\t\t\t<div class=\"elementor-element elementor-element-91dfb09 elementor-widget__width-auto elementor-widget elementor-widget-button\" data-id=\"91dfb09\" data-element_type=\"widget\" data-e-type=\"widget\" data-widget_type=\"button.default\">\n\t\t\t\t\t\t\t\t\t\t<a class=\"elementor-button elementor-button-link elementor-size-sm\" href=\"https:\/\/www.bchildrenslifet.com\/shop\/\">\n\t\t\t\t\t\t<span class=\"elementor-button-content-wrapper\">\n\t\t\t\t\t\t\t\t\t<span class=\"elementor-button-text\">Cursos<\/span>\n\t\t\t\t\t<\/span>\n\t\t\t\t\t<\/a>\n\t\t\t\t\t\t\t\t<\/div>\n\t\t\t\t\t<\/div>\n\t\t\t\t<\/div>\n\t\t\t\t<\/div>\n\t\t\t\t\t<\/div>\n\t\t\t\t<\/div>\n\t\t<div class=\"elementor-element elementor-element-65978f5 e-flex e-con-boxed e-con e-parent\" data-id=\"65978f5\" data-element_type=\"container\" data-e-type=\"container\" data-settings=\"{&quot;background_background&quot;:&quot;classic&quot;}\">\n\t\t\t\t\t<div class=\"e-con-inner\">\n\t\t<div class=\"elementor-element elementor-element-0164c6d e-con-full e-flex e-con e-child\" data-id=\"0164c6d\" data-element_type=\"container\" data-e-type=\"container\">\n\t\t<div class=\"elementor-element elementor-element-7104522 e-con-full e-flex e-con e-child\" data-id=\"7104522\" data-element_type=\"container\" data-e-type=\"container\">\n\t\t<div class=\"elementor-element elementor-element-f098250 e-con-full e-flex e-con e-child\" data-id=\"f098250\" data-element_type=\"container\" data-e-type=\"container\">\n\t\t\t\t<div class=\"elementor-element elementor-element-ca1fa80 elementor-widget elementor-widget-heading\" data-id=\"ca1fa80\" data-element_type=\"widget\" data-e-type=\"widget\" data-widget_type=\"heading.default\">\n\t\t\t\t\t<h2 class=\"elementor-heading-title elementor-size-default\">NUESTRA HISTORIA\n<\/h2>\t\t\t\t<\/div>\n\t\t\t\t<\/div>\n\t\t<div class=\"elementor-element elementor-element-81ccf2e e-con-full e-flex e-con e-child\" data-id=\"81ccf2e\" data-element_type=\"container\" data-e-type=\"container\">\n\t\t\t\t<div class=\"elementor-element elementor-element-d3cf613 elementor-widget elementor-widget-text-editor\" data-id=\"d3cf613\" data-element_type=\"widget\" data-e-type=\"widget\" data-widget_type=\"text-editor.default\">\n\t\t\t\t\t\t\t\t\t<p>Nuestro sue\u00f1o naci\u00f3 del deseo de impactar a las familias y tambi\u00e9n al mundo empresarial, formando l\u00edderes conscientes y comprometidos.<\/p><p>Detectamos que muchas familias y equipos de trabajo carec\u00edan de herramientas claras para avanzar hacia un prop\u00f3sito com\u00fan.<\/p><p>Desde nuestra experiencia, comprendimos que el bienestar emocional y la organizaci\u00f3n eficiente van de la mano.<\/p>\t\t\t\t\t\t\t\t<\/div>\n\t\t\t\t<\/div>\n\t\t<div class=\"elementor-element elementor-element-3d93b6d e-con-full e-flex e-con e-child\" data-id=\"3d93b6d\" data-element_type=\"container\" data-e-type=\"container\">\n\t\t\t\t<div class=\"elementor-element elementor-element-31b4f7b elementor-align-right elementor-mobile-align-left elementor-tablet-align-left elementor-widget elementor-widget-button\" data-id=\"31b4f7b\" data-element_type=\"widget\" data-e-type=\"widget\" data-widget_type=\"button.default\">\n\t\t\t\t\t\t\t\t\t\t<a class=\"elementor-button elementor-button-link elementor-size-sm\" href=\"https:\/\/cursosline.bchildrenslifet.com\/blog\/historia\/\">\n\t\t\t\t\t\t<span class=\"elementor-button-content-wrapper\">\n\t\t\t\t\t\t\t\t\t<span class=\"elementor-button-text\">historia<\/span>\n\t\t\t\t\t<\/span>\n\t\t\t\t\t<\/a>\n\t\t\t\t\t\t\t\t<\/div>\n\t\t\t\t<\/div>\n\t\t\t\t<\/div>\n\t\t\t\t<\/div>\n\t\t\t\t\t<\/div>\n\t\t\t\t<\/div>\n\t\t<div class=\"elementor-element elementor-element-3c60d1f e-flex e-con-boxed e-con e-parent\" data-id=\"3c60d1f\" data-element_type=\"container\" data-e-type=\"container\">\n\t\t\t\t\t<div class=\"e-con-inner\">\n\t\t\t\t<div class=\"elementor-element elementor-element-0f9eba4 elementor-widget elementor-widget-heading\" data-id=\"0f9eba4\" data-element_type=\"widget\" data-e-type=\"widget\" data-widget_type=\"heading.default\">\n\t\t\t\t\t<h2 class=\"elementor-heading-title elementor-size-default\">Nuestras Ponentes\n<\/h2>\t\t\t\t<\/div>\n\t\t\t\t\t<\/div>\n\t\t\t\t<\/div>\n\t\t<div class=\"elementor-element elementor-element-dd7fa94 e-flex e-con-boxed e-con e-parent\" data-id=\"dd7fa94\" data-element_type=\"container\" data-e-type=\"container\">\n\t\t\t\t\t<div class=\"e-con-inner\">\n\t\t<div class=\"elementor-element elementor-element-2af0f96 e-con-full e-flex e-con e-child\" data-id=\"2af0f96\" data-element_type=\"container\" data-e-type=\"container\">\n\t\t\t\t<div class=\"elementor-element elementor-element-4619ca7 elementor-widget elementor-widget-text-editor\" data-id=\"4619ca7\" data-element_type=\"widget\" data-e-type=\"widget\" data-widget_type=\"text-editor.default\">\n\t\t\t\t\t\t\t\t\t<p><img decoding=\"async\" class=\"alignnone size-full wp-image-1361\" src=\"https:\/\/cursosline.bchildrenslifet.com\/blog\/wp-content\/uploads\/2025\/11\/foto1a.jpg\" alt=\"foto1a\" width=\"179\" height=\"226\" title=\"BCLT\">\u00a0<\/p>\t\t\t\t\t\t\t\t<\/div>\n\t\t\t\t<\/div>\n\t\t<div class=\"elementor-element elementor-element-169bd84 e-con-full e-flex e-con e-child\" data-id=\"169bd84\" data-element_type=\"container\" data-e-type=\"container\">\n\t\t\t\t<div class=\"elementor-element elementor-element-a160556 elementor-widget elementor-widget-icon-box\" data-id=\"a160556\" data-element_type=\"widget\" data-e-type=\"widget\" data-widget_type=\"icon-box.default\">\n\t\t\t\t\t\t\t<div class=\"elementor-icon-box-wrapper\">\n\n\t\t\t\n\t\t\t\t\t\t<div class=\"elementor-icon-box-content\">\n\n\t\t\t\t\t\t\t\t\t<h3 class=\"elementor-icon-box-title\">\n\t\t\t\t\t\t<span  >\n\t\t\t\t\t\t\tLaura A Villegas\t\t\t\t\t\t<\/span>\n\t\t\t\t\t<\/h3>\n\t\t\t\t\n\t\t\t\t\t\t\t\t\t<p class=\"elementor-icon-box-description\">\n\t\t\t\t\t\t\n\nDirectora de BCLT.\nConsulltoria &amp; Entrenadora  de Familia y Empresas.<br><br>Servicios:<br>\nProgramas de Life Coaching y talleres de formaci\u00f3n en emprendimiento, educaci\u00f3n y planificaci\u00f3n estrat\u00e9gica.<br><br>Cada sesi\u00f3n combina enfoque pr\u00e1ctico y acompa\u00f1amiento personalizado, orientado a fortalecer habilidades clave y promover el desarrollo integral de los participantes.\n\t\t\t\t\t<\/p>\n\t\t\t\t\n\t\t\t<\/div>\n\t\t\t\n\t\t<\/div>\n\t\t\t\t\t\t<\/div>\n\t\t\t\t<div class=\"elementor-element elementor-element-97f3d9d elementor-align-right elementor-widget elementor-widget-button\" data-id=\"97f3d9d\" data-element_type=\"widget\" data-e-type=\"widget\" data-widget_type=\"button.default\">\n\t\t\t\t\t\t\t\t\t\t<a class=\"elementor-button elementor-button-link elementor-size-sm\" href=\"https:\/\/cursosline.bchildrenslifet.com\/blog\/laurav\">\n\t\t\t\t\t\t<span class=\"elementor-button-content-wrapper\">\n\t\t\t\t\t\t\t\t\t<span class=\"elementor-button-text\">Conoce m\u00e1s<\/span>\n\t\t\t\t\t<\/span>\n\t\t\t\t\t<\/a>\n\t\t\t\t\t\t\t\t<\/div>\n\t\t\t\t<\/div>\n\t\t<div class=\"elementor-element elementor-element-eece29d e-con-full e-flex e-con e-child\" data-id=\"eece29d\" data-element_type=\"container\" data-e-type=\"container\">\n\t\t\t\t<div class=\"elementor-element elementor-element-040af78 elementor-widget elementor-widget-image\" data-id=\"040af78\" data-element_type=\"widget\" data-e-type=\"widget\" data-widget_type=\"image.default\">\n\t\t\t\t\t\t\t\t\t\t\t\t\t\t\t<img decoding=\"async\" width=\"179\" height=\"226\" src=\"https:\/\/cursosline.bchildrenslifet.com\/blog\/wp-content\/uploads\/2025\/11\/foto1ab.jpg\" class=\"attachment-large size-large wp-image-1384\" alt=\"foto1ab\" title=\"BCLT\">\t\t\t\t\t\t\t\t\t\t\t\t\t\t\t<\/div>\n\t\t\t\t<\/div>\n\t\t<div class=\"elementor-element elementor-element-4c85117 e-con-full e-flex e-con e-child\" data-id=\"4c85117\" data-element_type=\"container\" data-e-type=\"container\">\n\t\t\t\t<div class=\"elementor-element elementor-element-e4526d7 elementor-widget__width-initial elementor-widget elementor-widget-icon-box\" data-id=\"e4526d7\" data-element_type=\"widget\" data-e-type=\"widget\" data-widget_type=\"icon-box.default\">\n\t\t\t\t\t\t\t<div class=\"elementor-icon-box-wrapper\">\n\n\t\t\t\n\t\t\t\t\t\t<div class=\"elementor-icon-box-content\">\n\n\t\t\t\t\t\t\t\t\t<h5 class=\"elementor-icon-box-title\">\n\t\t\t\t\t\t<span  >\n\t\t\t\t\t\t\tPamela Navarro\t\t\t\t\t\t<\/span>\n\t\t\t\t\t<\/h5>\n\t\t\t\t\n\t\t\t\t\t\t\t\t\t<p class=\"elementor-icon-box-description\">\n\t\t\t\t\t\tGerente General de BCLT.\nPsicologa (Chile) y Life coach (Chile)\n<br><br>Servicios:<br>\nMentor\u00edas, capacitaciones, talleres y procesos de coaching con enfoque en Programaci\u00f3n Neuroling\u00fc\u00edstica (PNL), orientados a fortalecer competencias en los \u00e1mbitos empresarial, educacional, m\u00e9dico y de servicios sociales.<br><br>Todas las actividades son impartidas asegurando un acompa\u00f1amiento especializado, \u00e9tico y de alta calidad profesional.\n\t\t\t\t\t<\/p>\n\t\t\t\t\n\t\t\t<\/div>\n\t\t\t\n\t\t<\/div>\n\t\t\t\t\t\t<\/div>\n\t\t\t\t<div class=\"elementor-element elementor-element-6e8d462 elementor-align-right elementor-widget elementor-widget-button\" data-id=\"6e8d462\" data-element_type=\"widget\" data-e-type=\"widget\" data-widget_type=\"button.default\">\n\t\t\t\t\t\t\t\t\t\t<a class=\"elementor-button elementor-button-link elementor-size-sm\" href=\"https:\/\/cursosline.bchildrenslifet.com\/blog\/pamnav\/\">\n\t\t\t\t\t\t<span class=\"elementor-button-content-wrapper\">\n\t\t\t\t\t\t\t\t\t<span class=\"elementor-button-text\">Conoce m\u00e1s<\/span>\n\t\t\t\t\t<\/span>\n\t\t\t\t\t<\/a>\n\t\t\t\t\t\t\t\t<\/div>\n\t\t\t\t<\/div>\n\t\t\t\t\t<\/div>\n\t\t\t\t<\/div>\n\t\t<div class=\"elementor-element elementor-element-607b3a0 e-flex e-con-boxed e-con e-parent\" data-id=\"607b3a0\" data-element_type=\"container\" data-e-type=\"container\" data-settings=\"{&quot;background_background&quot;:&quot;classic&quot;}\">\n\t\t\t\t\t<div class=\"e-con-inner\">\n\t\t<div class=\"elementor-element elementor-element-0689089 e-con-full e-flex e-con e-child\" data-id=\"0689089\" data-element_type=\"container\" data-e-type=\"container\">\n\t\t\t\t<div class=\"elementor-element elementor-element-3a5dc6d elementor-widget-mobile__width-initial elementor-widget elementor-widget-text-editor\" data-id=\"3a5dc6d\" data-element_type=\"widget\" data-e-type=\"widget\" data-widget_type=\"text-editor.default\">\n\t\t\t\t\t\t\t\t\t<p><b>CAPAC\u00cdTATE Y TRANSFORMA TU FUTURO<\/b><\/p><p>En nuestra plataforma encontrar\u00e1s programas de capacitaciones, webinars y mentor\u00edas dise\u00f1adas para fortalecer tus habilidades personales y profesionales.<\/p><p><b>Lo que ofrecemos:<\/b><\/p><ul><li>Mentor\u00eda en Oratoria: Desarrolla confianza y seguridad al hablar en p\u00fablico.<\/li><li>Mentor\u00eda en Estr\u00e9s Laboral: Aprende a gestionar el estr\u00e9s y mejora tu bienestar en el trabajo.<\/li><li>Mentor\u00eda en Habilidades Parentales: Refuerza tu rol como padre o madre con herramientas pr\u00e1cticas.<\/li><li>Cursos Cortos: Formaci\u00f3n r\u00e1pida y efectiva para adquirir competencias clave.<\/li><\/ul><p>Da el siguiente paso hacia tu crecimiento personal y profesional.<\/p>\t\t\t\t\t\t\t\t<\/div>\n\t\t\t\t<\/div>\n\t\t\t\t\t<\/div>\n\t\t\t\t<\/div>\n\t\t<div class=\"elementor-element elementor-element-ebd8ee8 e-flex e-con-boxed e-con e-parent\" data-id=\"ebd8ee8\" data-element_type=\"container\" data-e-type=\"container\">\n\t\t\t\t\t<div class=\"e-con-inner\">\n\t\t\t\t\t<\/div>\n\t\t\t\t<\/div>\n\t\t\t\t<\/div>\n\t\t","protected":false},"excerpt":{"rendered":"<p>\u201cTransformamos vidas y negocios a trav\u00e9s del coaching y la capacitaci\u00f3n\u201d Cursos NUESTRA HISTORIA Nuestro sue\u00f1o naci\u00f3 del deseo de impactar a las familias y tambi\u00e9n al mundo empresarial, formando l\u00edderes conscientes y comprometidos. Detectamos que muchas familias y equipos de trabajo carec\u00edan de herramientas claras para avanzar hacia un prop\u00f3sito com\u00fan. Desde nuestra experiencia, [&hellip;]<\/p>\n","protected":false},"author":1,"featured_media":0,"parent":0,"menu_order":0,"comment_status":"closed","ping_status":"closed","template":"","meta":{"site-sidebar-layout":"no-sidebar","site-content-layout":"page-builder","ast-site-content-layout":"full-width-container","site-content-style":"unboxed","site-sidebar-style":"unboxed","ast-global-header-display":"","ast-banner-title-visibility":"","ast-main-header-display":"","ast-hfb-above-header-display":"","ast-hfb-below-header-display":"","ast-hfb-mobile-header-display":"","site-post-title":"disabled","ast-breadcrumbs-content":"disabled","ast-featured-img":"disabled","footer-sml-layout":"","ast-disable-related-posts":"","theme-transparent-header-meta":"enabled","adv-header-id-meta":"","stick-header-meta":"","header-above-stick-meta":"","header-main-stick-meta":"","header-below-stick-meta":"","astra-migrate-meta-layouts":"set","ast-page-background-enabled":"default","ast-page-background-meta":{"desktop":{"background-color":"","background-image":"","background-repeat":"repeat","background-position":"center center","background-size":"auto","background-attachment":"scroll","background-type":"","background-media":"","overlay-type":"","overlay-color":"","overlay-opacity":"","overlay-gradient":""},"tablet":{"background-color":"","background-image":"","background-repeat":"repeat","background-position":"center center","background-size":"auto","background-attachment":"scroll","background-type":"","background-media":"","overlay-type":"","overlay-color":"","overlay-opacity":"","overlay-gradient":""},"mobile":{"background-color":"","background-image":"","background-repeat":"repeat","background-position":"center center","background-size":"auto","background-attachment":"scroll","background-type":"","background-media":"","overlay-type":"","overlay-color":"","overlay-opacity":"","overlay-gradient":""}},"ast-content-background-meta":{"desktop":{"background-color":"var(--ast-global-color-5)","background-image":"","background-repeat":"repeat","background-position":"center center","background-size":"auto","background-attachment":"scroll","background-type":"","background-media":"","overlay-type":"","overlay-color":"","overlay-opacity":"","overlay-gradient":""},"tablet":{"background-color":"var(--ast-global-color-5)","background-image":"","background-repeat":"repeat","background-position":"center center","background-size":"auto","background-attachment":"scroll","background-type":"","background-media":"","overlay-type":"","overlay-color":"","overlay-opacity":"","overlay-gradient":""},"mobile":{"background-color":"var(--ast-global-color-5)","background-image":"","background-repeat":"repeat","background-position":"center center","background-size":"auto","background-attachment":"scroll","background-type":"","background-media":"","overlay-type":"","overlay-color":"","overlay-opacity":"","overlay-gradient":""}},"footnotes":""},"class_list":["post-850","page","type-page","status-publish","hentry"],"_links":{"self":[{"href":"https:\/\/cursosline.bchildrenslifet.com\/blog\/wp-json\/wp\/v2\/pages\/850","targetHints":{"allow":["GET"]}}],"collection":[{"href":"https:\/\/cursosline.bchildrenslifet.com\/blog\/wp-json\/wp\/v2\/pages"}],"about":[{"href":"https:\/\/cursosline.bchildrenslifet.com\/blog\/wp-json\/wp\/v2\/types\/page"}],"author":[{"embeddable":true,"href":"https:\/\/cursosline.bchildrenslifet.com\/blog\/wp-json\/wp\/v2\/users\/1"}],"replies":[{"embeddable":true,"href":"https:\/\/cursosline.bchildrenslifet.com\/blog\/wp-json\/wp\/v2\/comments?post=850"}],"version-history":[{"count":139,"href":"https:\/\/cursosline.bchildrenslifet.com\/blog\/wp-json\/wp\/v2\/pages\/850\/revisions"}],"predecessor-version":[{"id":1689,"href":"https:\/\/cursosline.bchildrenslifet.com\/blog\/wp-json\/wp\/v2\/pages\/850\/revisions\/1689"}],"wp:attachment":[{"href":"https:\/\/cursosline.bchildrenslifet.com\/blog\/wp-json\/wp\/v2\/media?parent=850"}],"curies":[{"name":"wp","href":"https:\/\/api.w.org\/{rel}","templated":true}]}}